{"id":666,"date":"2022-09-28T15:04:26","date_gmt":"2022-09-28T13:04:26","guid":{"rendered":"https:\/\/www.onda-it.com\/?post_type=prodotto&#038;p=666"},"modified":"2023-11-03T15:58:21","modified_gmt":"2023-11-03T14:58:21","slug":"evaporateurs-a-air-e-eg-ed","status":"publish","type":"prodotto","link":"https:\/\/www.onda-it.com\/fra\/produits\/echangeurs-de-chaleur-a-air\/evaporateurs-a-air-e-eg-ed\/","title":{"rendered":"\u00c9vaporateurs \u00e0 air \u2013 E \u2013 EG \u2013 ED"},"content":{"rendered":"<p>Les <strong>\u00e9vaporateurs cubiques<\/strong> Wieland Onda sont con\u00e7us et r\u00e9alis\u00e9s pour \u00eatre utilis\u00e9s dans toutes les applications les plus courantes de la r\u00e9frig\u00e9ration commerciale et industrielle.<br \/>\nL\u2019excellente qualit\u00e9 des mat\u00e9riaux utilis\u00e9s et le rendement tr\u00e8s \u00e9lev\u00e9 des ventilateurs \u00e0 rotor ext\u00e9rieur, utilis\u00e9s sur toute la s\u00e9rie, en font un produit haut de gamme, particuli\u00e8rement fiable.<\/p>\n","protected":false},"excerpt":{"rendered":"<p>Les \u00e9vaporateurs cubiques Wieland Onda sont con\u00e7us et r\u00e9alis\u00e9s pour \u00eatre utilis\u00e9s dans toutes les applications les plus courantes de [&hellip;]<\/p>\n","protected":false},"featured_media":649,"menu_order":0,"template":"","format":"standard","meta":[],"prodotti":[91],"acf":[],"yoast_head":"<!-- This site is optimized with the Yoast SEO plugin v23.4 - https:\/\/yoast.com\/wordpress\/plugins\/seo\/ -->\n<title>Refroidisseurs industriels | \u00c9vaporateurs \u00e0 air | Produits | Wieland Onda Srl<\/title>\n<meta name=\"description\" content=\"Les \u00e9vaporateurs cubiques Wieland Onda sont con\u00e7us et r\u00e9alis\u00e9s pour \u00eatre utilis\u00e9s dans la r\u00e9frig\u00e9ration industrielle et commerciale.\" \/>\n<meta name=\"robots\" content=\"noindex, follow\" \/>\n<meta property=\"og:locale\" content=\"fr_FR\" \/>\n<meta property=\"og:type\" content=\"article\" \/>\n<meta property=\"og:title\" content=\"Refroidisseurs industriels | \u00c9vaporateurs \u00e0 air | Produits | Wieland Onda Srl\" \/>\n<meta property=\"og:description\" content=\"Les \u00e9vaporateurs cubiques Wieland Onda sont con\u00e7us et r\u00e9alis\u00e9s pour \u00eatre utilis\u00e9s dans la r\u00e9frig\u00e9ration industrielle et commerciale.\" \/>\n<meta property=\"og:url\" content=\"https:\/\/www.onda-it.com\/fra\/produits\/echangeurs-de-chaleur-a-air\/evaporateurs-a-air-e-eg-ed\/\" \/>\n<meta property=\"og:site_name\" content=\"Wieland Onda Srl\" \/>\n<meta property=\"article:modified_time\" content=\"2023-11-03T14:58:21+00:00\" \/>\n<meta property=\"og:image\" content=\"https:\/\/www.onda-it.com\/wp-content\/uploads\/2022\/09\/evaporatori-ad-aria.jpg\" \/>\n\t<meta property=\"og:image:width\" content=\"840\" \/>\n\t<meta property=\"og:image:height\" content=\"629\" \/>\n\t<meta property=\"og:image:type\" content=\"image\/jpeg\" \/>\n<meta name=\"twitter:card\" content=\"summary_large_image\" \/>\n<meta name=\"twitter:label1\" content=\"Est. reading time\" \/>\n\t<meta name=\"twitter:data1\" content=\"1 minute\" \/>\n<script type=\"application\/ld+json\" class=\"yoast-schema-graph\">{\"@context\":\"https:\/\/schema.org\",\"@graph\":[{\"@type\":\"WebPage\",\"@id\":\"https:\/\/www.onda-it.com\/fra\/produits\/echangeurs-de-chaleur-a-air\/evaporateurs-a-air-e-eg-ed\/\",\"url\":\"https:\/\/www.onda-it.com\/fra\/produits\/echangeurs-de-chaleur-a-air\/evaporateurs-a-air-e-eg-ed\/\",\"name\":\"Refroidisseurs industriels | \u00c9vaporateurs \u00e0 air | Produits | Wieland Onda Srl\",\"isPartOf\":{\"@id\":\"https:\/\/www.onda-it.com\/fra\/#website\"},\"primaryImageOfPage\":{\"@id\":\"https:\/\/www.onda-it.com\/fra\/produits\/echangeurs-de-chaleur-a-air\/evaporateurs-a-air-e-eg-ed\/#primaryimage\"},\"image\":{\"@id\":\"https:\/\/www.onda-it.com\/fra\/produits\/echangeurs-de-chaleur-a-air\/evaporateurs-a-air-e-eg-ed\/#primaryimage\"},\"thumbnailUrl\":\"https:\/\/www.onda-it.com\/wp-content\/uploads\/2022\/09\/evaporatori-ad-aria.jpg\",\"datePublished\":\"2022-09-28T13:04:26+00:00\",\"dateModified\":\"2023-11-03T14:58:21+00:00\",\"description\":\"Les \u00e9vaporateurs cubiques Wieland Onda sont con\u00e7us et r\u00e9alis\u00e9s pour \u00eatre utilis\u00e9s dans la r\u00e9frig\u00e9ration industrielle et commerciale.\",\"breadcrumb\":{\"@id\":\"https:\/\/www.onda-it.com\/fra\/produits\/echangeurs-de-chaleur-a-air\/evaporateurs-a-air-e-eg-ed\/#breadcrumb\"},\"inLanguage\":\"fr\",\"potentialAction\":[{\"@type\":\"ReadAction\",\"target\":[\"https:\/\/www.onda-it.com\/fra\/produits\/echangeurs-de-chaleur-a-air\/evaporateurs-a-air-e-eg-ed\/\"]}]},{\"@type\":\"ImageObject\",\"inLanguage\":\"fr\",\"@id\":\"https:\/\/www.onda-it.com\/fra\/produits\/echangeurs-de-chaleur-a-air\/evaporateurs-a-air-e-eg-ed\/#primaryimage\",\"url\":\"https:\/\/www.onda-it.com\/wp-content\/uploads\/2022\/09\/evaporatori-ad-aria.jpg\",\"contentUrl\":\"https:\/\/www.onda-it.com\/wp-content\/uploads\/2022\/09\/evaporatori-ad-aria.jpg\",\"width\":840,\"height\":629},{\"@type\":\"BreadcrumbList\",\"@id\":\"https:\/\/www.onda-it.com\/fra\/produits\/echangeurs-de-chaleur-a-air\/evaporateurs-a-air-e-eg-ed\/#breadcrumb\",\"itemListElement\":[{\"@type\":\"ListItem\",\"position\":1,\"name\":\"Home\",\"item\":\"https:\/\/www.onda-it.com\/fra\/\"},{\"@type\":\"ListItem\",\"position\":2,\"name\":\"Prodotti\",\"item\":\"https:\/\/www.onda-it.com\/fra\/prodotto\/\"},{\"@type\":\"ListItem\",\"position\":3,\"name\":\"\u00c9vaporateurs \u00e0 air \u2013 E \u2013 EG \u2013 ED\"}]},{\"@type\":\"WebSite\",\"@id\":\"https:\/\/www.onda-it.com\/fra\/#website\",\"url\":\"https:\/\/www.onda-it.com\/fra\/\",\"name\":\"Wieland Onda Srl\",\"description\":\"Onda - Advanced Heat Transfer Solution\",\"publisher\":{\"@id\":\"https:\/\/www.onda-it.com\/fra\/#organization\"},\"potentialAction\":[{\"@type\":\"SearchAction\",\"target\":{\"@type\":\"EntryPoint\",\"urlTemplate\":\"https:\/\/www.onda-it.com\/fra\/?s={search_term_string}\"},\"query-input\":{\"@type\":\"PropertyValueSpecification\",\"valueRequired\":true,\"valueName\":\"search_term_string\"}}],\"inLanguage\":\"fr\"},{\"@type\":\"Organization\",\"@id\":\"https:\/\/www.onda-it.com\/fra\/#organization\",\"name\":\"Wieland Onda Srl\",\"url\":\"https:\/\/www.onda-it.com\/fra\/\",\"logo\":{\"@type\":\"ImageObject\",\"inLanguage\":\"fr\",\"@id\":\"https:\/\/www.onda-it.com\/fra\/#\/schema\/logo\/image\/\",\"url\":\"\",\"contentUrl\":\"\",\"caption\":\"Wieland Onda Srl\"},\"image\":{\"@id\":\"https:\/\/www.onda-it.com\/fra\/#\/schema\/logo\/image\/\"},\"sameAs\":[\"https:\/\/www.linkedin.com\/company\/onda-s.p.a.\"]}]}<\/script>\n<!-- \/ Yoast SEO plugin. -->","yoast_head_json":{"title":"Refroidisseurs industriels | \u00c9vaporateurs \u00e0 air | Produits | Wieland Onda Srl","description":"Les \u00e9vaporateurs cubiques Wieland Onda sont con\u00e7us et r\u00e9alis\u00e9s pour \u00eatre utilis\u00e9s dans la r\u00e9frig\u00e9ration industrielle et commerciale.","robots":{"index":"noindex","follow":"follow"},"og_locale":"fr_FR","og_type":"article","og_title":"Refroidisseurs industriels | \u00c9vaporateurs \u00e0 air | Produits | Wieland Onda Srl","og_description":"Les \u00e9vaporateurs cubiques Wieland Onda sont con\u00e7us et r\u00e9alis\u00e9s pour \u00eatre utilis\u00e9s dans la r\u00e9frig\u00e9ration industrielle et commerciale.","og_url":"https:\/\/www.onda-it.com\/fra\/produits\/echangeurs-de-chaleur-a-air\/evaporateurs-a-air-e-eg-ed\/","og_site_name":"Wieland Onda Srl","article_modified_time":"2023-11-03T14:58:21+00:00","og_image":[{"width":840,"height":629,"url":"https:\/\/www.onda-it.com\/wp-content\/uploads\/2022\/09\/evaporatori-ad-aria.jpg","type":"image\/jpeg"}],"twitter_card":"summary_large_image","twitter_misc":{"Est. reading time":"1 minute"},"schema":{"@context":"https:\/\/schema.org","@graph":[{"@type":"WebPage","@id":"https:\/\/www.onda-it.com\/fra\/produits\/echangeurs-de-chaleur-a-air\/evaporateurs-a-air-e-eg-ed\/","url":"https:\/\/www.onda-it.com\/fra\/produits\/echangeurs-de-chaleur-a-air\/evaporateurs-a-air-e-eg-ed\/","name":"Refroidisseurs industriels | \u00c9vaporateurs \u00e0 air | Produits | Wieland Onda Srl","isPartOf":{"@id":"https:\/\/www.onda-it.com\/fra\/#website"},"primaryImageOfPage":{"@id":"https:\/\/www.onda-it.com\/fra\/produits\/echangeurs-de-chaleur-a-air\/evaporateurs-a-air-e-eg-ed\/#primaryimage"},"image":{"@id":"https:\/\/www.onda-it.com\/fra\/produits\/echangeurs-de-chaleur-a-air\/evaporateurs-a-air-e-eg-ed\/#primaryimage"},"thumbnailUrl":"https:\/\/www.onda-it.com\/wp-content\/uploads\/2022\/09\/evaporatori-ad-aria.jpg","datePublished":"2022-09-28T13:04:26+00:00","dateModified":"2023-11-03T14:58:21+00:00","description":"Les \u00e9vaporateurs cubiques Wieland Onda sont con\u00e7us et r\u00e9alis\u00e9s pour \u00eatre utilis\u00e9s dans la r\u00e9frig\u00e9ration industrielle et commerciale.","breadcrumb":{"@id":"https:\/\/www.onda-it.com\/fra\/produits\/echangeurs-de-chaleur-a-air\/evaporateurs-a-air-e-eg-ed\/#breadcrumb"},"inLanguage":"fr","potentialAction":[{"@type":"ReadAction","target":["https:\/\/www.onda-it.com\/fra\/produits\/echangeurs-de-chaleur-a-air\/evaporateurs-a-air-e-eg-ed\/"]}]},{"@type":"ImageObject","inLanguage":"fr","@id":"https:\/\/www.onda-it.com\/fra\/produits\/echangeurs-de-chaleur-a-air\/evaporateurs-a-air-e-eg-ed\/#primaryimage","url":"https:\/\/www.onda-it.com\/wp-content\/uploads\/2022\/09\/evaporatori-ad-aria.jpg","contentUrl":"https:\/\/www.onda-it.com\/wp-content\/uploads\/2022\/09\/evaporatori-ad-aria.jpg","width":840,"height":629},{"@type":"BreadcrumbList","@id":"https:\/\/www.onda-it.com\/fra\/produits\/echangeurs-de-chaleur-a-air\/evaporateurs-a-air-e-eg-ed\/#breadcrumb","itemListElement":[{"@type":"ListItem","position":1,"name":"Home","item":"https:\/\/www.onda-it.com\/fra\/"},{"@type":"ListItem","position":2,"name":"Prodotti","item":"https:\/\/www.onda-it.com\/fra\/prodotto\/"},{"@type":"ListItem","position":3,"name":"\u00c9vaporateurs \u00e0 air \u2013 E \u2013 EG \u2013 ED"}]},{"@type":"WebSite","@id":"https:\/\/www.onda-it.com\/fra\/#website","url":"https:\/\/www.onda-it.com\/fra\/","name":"Wieland Onda Srl","description":"Onda - Advanced Heat Transfer Solution","publisher":{"@id":"https:\/\/www.onda-it.com\/fra\/#organization"},"potentialAction":[{"@type":"SearchAction","target":{"@type":"EntryPoint","urlTemplate":"https:\/\/www.onda-it.com\/fra\/?s={search_term_string}"},"query-input":{"@type":"PropertyValueSpecification","valueRequired":true,"valueName":"search_term_string"}}],"inLanguage":"fr"},{"@type":"Organization","@id":"https:\/\/www.onda-it.com\/fra\/#organization","name":"Wieland Onda Srl","url":"https:\/\/www.onda-it.com\/fra\/","logo":{"@type":"ImageObject","inLanguage":"fr","@id":"https:\/\/www.onda-it.com\/fra\/#\/schema\/logo\/image\/","url":"","contentUrl":"","caption":"Wieland Onda Srl"},"image":{"@id":"https:\/\/www.onda-it.com\/fra\/#\/schema\/logo\/image\/"},"sameAs":["https:\/\/www.linkedin.com\/company\/onda-s.p.a."]}]}},"_links":{"self":[{"href":"https:\/\/www.onda-it.com\/fra\/wp-json\/wp\/v2\/prodotto\/666"}],"collection":[{"href":"https:\/\/www.onda-it.com\/fra\/wp-json\/wp\/v2\/prodotto"}],"about":[{"href":"https:\/\/www.onda-it.com\/fra\/wp-json\/wp\/v2\/types\/prodotto"}],"version-history":[{"count":6,"href":"https:\/\/www.onda-it.com\/fra\/wp-json\/wp\/v2\/prodotto\/666\/revisions"}],"predecessor-version":[{"id":12447,"href":"https:\/\/www.onda-it.com\/fra\/wp-json\/wp\/v2\/prodotto\/666\/revisions\/12447"}],"wp:featuredmedia":[{"embeddable":true,"href":"https:\/\/www.onda-it.com\/fra\/wp-json\/wp\/v2\/media\/649"}],"wp:attachment":[{"href":"https:\/\/www.onda-it.com\/fra\/wp-json\/wp\/v2\/media?parent=666"}],"wp:term":[{"taxonomy":"prodotti","embeddable":true,"href":"https:\/\/www.onda-it.com\/fra\/wp-json\/wp\/v2\/prodotti?post=666"}],"curies":[{"name":"wp","href":"https:\/\/api.w.org\/{rel}","templated":true}]}}

Évaporateurs à air – E – EG – ED

<p>Les <strong>évaporateurs cubiques</strong> Wieland Onda sont conçus et réalisés pour être utilisés dans toutes les applications les plus courantes de la réfrigération commerciale et industrielle.<br />
L’excellente qualité des matériaux utilisés et le rendement très élevé des ventilateurs à rotor extérieur, utilisés sur toute la série, en font un produit haut de gamme, particulièrement fiable.</p>

<p>Les évaporateurs cubiques Wieland Onda sont conçus et réalisés pour être utilisés dans toutes les applications les plus courantes de [&hellip;]</p>

<!-- This site is optimized with the Yoast SEO plugin v23.4 - https://yoast.com/wordpress/plugins/seo/ -->
<title>Refroidisseurs industriels | Évaporateurs à air | Produits | Wieland Onda Srl</title>
<meta name="description" content="Les évaporateurs cubiques Wieland Onda sont conçus et réalisés pour être utilisés dans la réfrigération industrielle et commerciale." />
<meta name="robots" content="noindex, follow" />
<meta property="og:locale" content="fr_FR" />
<meta property="og:type" content="article" />
<meta property="og:title" content="Refroidisseurs industriels | Évaporateurs à air | Produits | Wieland Onda Srl" />
<meta property="og:description" content="Les évaporateurs cubiques Wieland Onda sont conçus et réalisés pour être utilisés dans la réfrigération industrielle et commerciale." />
<meta property="og:url" content="https://www.onda-it.com/fra/produits/echangeurs-de-chaleur-a-air/evaporateurs-a-air-e-eg-ed/" />
<meta property="og:site_name" content="Wieland Onda Srl" />
<meta property="article:modified_time" content="2023-11-03T14:58:21+00:00" />
<meta property="og:image" content="https://www.onda-it.com/wp-content/uploads/2022/09/evaporatori-ad-aria.jpg" />
	<meta property="og:image:width" content="840" />
	<meta property="og:image:height" content="629" />
	<meta property="og:image:type" content="image/jpeg" />
<meta name="twitter:card" content="summary_large_image" />
<meta name="twitter:label1" content="Est. reading time" />
	<meta name="twitter:data1" content="1 minute" />
<script type="application/ld+json" class="yoast-schema-graph">{"@context":"https://schema.org","@graph":[{"@type":"WebPage","@id":"https://www.onda-it.com/fra/produits/echangeurs-de-chaleur-a-air/evaporateurs-a-air-e-eg-ed/","url":"https://www.onda-it.com/fra/produits/echangeurs-de-chaleur-a-air/evaporateurs-a-air-e-eg-ed/","name":"Refroidisseurs industriels | Évaporateurs à air | Produits | Wieland Onda Srl","isPartOf":{"@id":"https://www.onda-it.com/fra/#website"},"primaryImageOfPage":{"@id":"https://www.onda-it.com/fra/produits/echangeurs-de-chaleur-a-air/evaporateurs-a-air-e-eg-ed/#primaryimage"},"image":{"@id":"https://www.onda-it.com/fra/produits/echangeurs-de-chaleur-a-air/evaporateurs-a-air-e-eg-ed/#primaryimage"},"thumbnailUrl":"https://www.onda-it.com/wp-content/uploads/2022/09/evaporatori-ad-aria.jpg","datePublished":"2022-09-28T13:04:26+00:00","dateModified":"2023-11-03T14:58:21+00:00","description":"Les évaporateurs cubiques Wieland Onda sont conçus et réalisés pour être utilisés dans la réfrigération industrielle et commerciale.","breadcrumb":{"@id":"https://www.onda-it.com/fra/produits/echangeurs-de-chaleur-a-air/evaporateurs-a-air-e-eg-ed/#breadcrumb"},"inLanguage":"fr","potentialAction":[{"@type":"ReadAction","target":["https://www.onda-it.com/fra/produits/echangeurs-de-chaleur-a-air/evaporateurs-a-air-e-eg-ed/"]}]},{"@type":"ImageObject","inLanguage":"fr","@id":"https://www.onda-it.com/fra/produits/echangeurs-de-chaleur-a-air/evaporateurs-a-air-e-eg-ed/#primaryimage","url":"https://www.onda-it.com/wp-content/uploads/2022/09/evaporatori-ad-aria.jpg","contentUrl":"https://www.onda-it.com/wp-content/uploads/2022/09/evaporatori-ad-aria.jpg","width":840,"height":629},{"@type":"BreadcrumbList","@id":"https://www.onda-it.com/fra/produits/echangeurs-de-chaleur-a-air/evaporateurs-a-air-e-eg-ed/#breadcrumb","itemListElement":[{"@type":"ListItem","position":1,"name":"Home","item":"https://www.onda-it.com/fra/"},{"@type":"ListItem","position":2,"name":"Prodotti","item":"https://www.onda-it.com/fra/prodotto/"},{"@type":"ListItem","position":3,"name":"Évaporateurs à air – E – EG – ED"}]},{"@type":"WebSite","@id":"https://www.onda-it.com/fra/#website","url":"https://www.onda-it.com/fra/","name":"Wieland Onda Srl","description":"Onda - Advanced Heat Transfer Solution","publisher":{"@id":"https://www.onda-it.com/fra/#organization"},"potentialAction":[{"@type":"SearchAction","target":{"@type":"EntryPoint","urlTemplate":"https://www.onda-it.com/fra/?s={search_term_string}"},"query-input":{"@type":"PropertyValueSpecification","valueRequired":true,"valueName":"search_term_string"}}],"inLanguage":"fr"},{"@type":"Organization","@id":"https://www.onda-it.com/fra/#organization","name":"Wieland Onda Srl","url":"https://www.onda-it.com/fra/","logo":{"@type":"ImageObject","inLanguage":"fr","@id":"https://www.onda-it.com/fra/#/schema/logo/image/","url":"","contentUrl":"","caption":"Wieland Onda Srl"},"image":{"@id":"https://www.onda-it.com/fra/#/schema/logo/image/"},"sameAs":["https://www.linkedin.com/company/onda-s.p.a."]}]}</script>
<!-- / Yoast SEO plugin. -->

Refroidisseurs industriels | Évaporateurs à air | Produits | Wieland Onda Srl

Les évaporateurs cubiques Wieland Onda sont conçus et réalisés pour être utilisés dans la réfrigération industrielle et commerciale.
