{"id":12459,"date":"2022-10-18T12:27:09","date_gmt":"2022-10-18T10:27:09","guid":{"rendered":"https:\/\/www.onda-it.com\/prodotto\/aeroevaporatori-radiali\/"},"modified":"2025-03-14T10:33:43","modified_gmt":"2025-03-14T09:33:43","slug":"evaporateurs-radiaux-er-ar","status":"publish","type":"prodotto","link":"https:\/\/www.onda-it.com\/fra\/produits\/echangeurs-de-chaleur-a-air\/evaporateurs-radiaux-er-ar\/","title":{"rendered":"\u00c9vaporateurs radiaux \u2013 ER \u2013 AR"},"content":{"rendered":"<p>Les \u00e9vaporateurs radiaux Wieland Onda sont con\u00e7us et r\u00e9alis\u00e9s pour \u00eatre utilis\u00e9s dans toutes les applications les plus courantes de r\u00e9frig\u00e9ration commerciale et industrielle, o\u00f9 il est n\u00e9cessaire de disposer d\u2019une pression statique \u00e9lev\u00e9e.<\/p>\n","protected":false},"excerpt":{"rendered":"<p>Les \u00e9vaporateurs radiaux Wieland Onda sont con\u00e7us et r\u00e9alis\u00e9s pour \u00eatre utilis\u00e9s dans toutes les applications les plus courantes de [&hellip;]<\/p>\n","protected":false},"featured_media":2421,"menu_order":0,"template":"","format":"standard","meta":[],"prodotti":[91],"acf":[],"yoast_head":"<!-- This site is optimized with the Yoast SEO plugin v23.4 - https:\/\/yoast.com\/wordpress\/plugins\/seo\/ -->\n<title>\u00c9changeurs de chaleur \u00e0 air, \u00c9vaporateurs radiaux \u2013 Wieland Onda<\/title>\n<meta name=\"description\" content=\"D\u00e9couvrez tous les produits Wieland Onda. \u00c9changeurs de chaleur \u00e0 air: \u00c9vaporateurs radiaux. Acc\u00e9der maintenant\u2009!\" \/>\n<meta name=\"robots\" content=\"index, follow, max-snippet:-1, max-image-preview:large, max-video-preview:-1\" \/>\n<link rel=\"canonical\" href=\"https:\/\/www.onda-it.com\/fra\/produits\/echangeurs-de-chaleur-a-air\/evaporateurs-radiaux-er-ar\/\" \/>\n<meta property=\"og:locale\" content=\"fr_FR\" \/>\n<meta property=\"og:type\" content=\"article\" \/>\n<meta property=\"og:title\" content=\"\u00c9changeurs de chaleur \u00e0 air, \u00c9vaporateurs radiaux \u2013 Wieland Onda\" \/>\n<meta property=\"og:description\" content=\"D\u00e9couvrez tous les produits Wieland Onda. \u00c9changeurs de chaleur \u00e0 air: \u00c9vaporateurs radiaux. Acc\u00e9der maintenant\u2009!\" \/>\n<meta property=\"og:url\" content=\"https:\/\/www.onda-it.com\/fra\/produits\/echangeurs-de-chaleur-a-air\/evaporateurs-radiaux-er-ar\/\" \/>\n<meta property=\"og:site_name\" content=\"Wieland Onda Srl\" \/>\n<meta property=\"article:modified_time\" content=\"2025-03-14T09:33:43+00:00\" \/>\n<meta property=\"og:image\" content=\"https:\/\/www.onda-it.com\/wp-content\/uploads\/2022\/10\/ER-AR-FOTO.png\" \/>\n\t<meta property=\"og:image:width\" content=\"840\" \/>\n\t<meta property=\"og:image:height\" content=\"466\" \/>\n\t<meta property=\"og:image:type\" content=\"image\/png\" \/>\n<meta name=\"twitter:card\" content=\"summary_large_image\" \/>\n<meta name=\"twitter:label1\" content=\"Est. reading time\" \/>\n\t<meta name=\"twitter:data1\" content=\"1 minute\" \/>\n<script type=\"application\/ld+json\" class=\"yoast-schema-graph\">{\"@context\":\"https:\/\/schema.org\",\"@graph\":[{\"@type\":\"WebPage\",\"@id\":\"https:\/\/www.onda-it.com\/fra\/produits\/echangeurs-de-chaleur-a-air\/evaporateurs-radiaux-er-ar\/\",\"url\":\"https:\/\/www.onda-it.com\/fra\/produits\/echangeurs-de-chaleur-a-air\/evaporateurs-radiaux-er-ar\/\",\"name\":\"\u00c9changeurs de chaleur \u00e0 air, \u00c9vaporateurs radiaux \u2013 Wieland Onda\",\"isPartOf\":{\"@id\":\"https:\/\/www.onda-it.com\/fra\/#website\"},\"primaryImageOfPage\":{\"@id\":\"https:\/\/www.onda-it.com\/fra\/produits\/echangeurs-de-chaleur-a-air\/evaporateurs-radiaux-er-ar\/#primaryimage\"},\"image\":{\"@id\":\"https:\/\/www.onda-it.com\/fra\/produits\/echangeurs-de-chaleur-a-air\/evaporateurs-radiaux-er-ar\/#primaryimage\"},\"thumbnailUrl\":\"https:\/\/www.onda-it.com\/wp-content\/uploads\/2022\/10\/ER-AR-FOTO.png\",\"datePublished\":\"2022-10-18T10:27:09+00:00\",\"dateModified\":\"2025-03-14T09:33:43+00:00\",\"description\":\"D\u00e9couvrez tous les produits Wieland Onda. \u00c9changeurs de chaleur \u00e0 air: \u00c9vaporateurs radiaux. Acc\u00e9der maintenant\u2009!\",\"breadcrumb\":{\"@id\":\"https:\/\/www.onda-it.com\/fra\/produits\/echangeurs-de-chaleur-a-air\/evaporateurs-radiaux-er-ar\/#breadcrumb\"},\"inLanguage\":\"fr\",\"potentialAction\":[{\"@type\":\"ReadAction\",\"target\":[\"https:\/\/www.onda-it.com\/fra\/produits\/echangeurs-de-chaleur-a-air\/evaporateurs-radiaux-er-ar\/\"]}]},{\"@type\":\"ImageObject\",\"inLanguage\":\"fr\",\"@id\":\"https:\/\/www.onda-it.com\/fra\/produits\/echangeurs-de-chaleur-a-air\/evaporateurs-radiaux-er-ar\/#primaryimage\",\"url\":\"https:\/\/www.onda-it.com\/wp-content\/uploads\/2022\/10\/ER-AR-FOTO.png\",\"contentUrl\":\"https:\/\/www.onda-it.com\/wp-content\/uploads\/2022\/10\/ER-AR-FOTO.png\",\"width\":840,\"height\":466},{\"@type\":\"BreadcrumbList\",\"@id\":\"https:\/\/www.onda-it.com\/fra\/produits\/echangeurs-de-chaleur-a-air\/evaporateurs-radiaux-er-ar\/#breadcrumb\",\"itemListElement\":[{\"@type\":\"ListItem\",\"position\":1,\"name\":\"Home\",\"item\":\"https:\/\/www.onda-it.com\/fra\/\"},{\"@type\":\"ListItem\",\"position\":2,\"name\":\"Prodotti\",\"item\":\"https:\/\/www.onda-it.com\/fra\/prodotto\/\"},{\"@type\":\"ListItem\",\"position\":3,\"name\":\"\u00c9vaporateurs radiaux \u2013 ER \u2013 AR\"}]},{\"@type\":\"WebSite\",\"@id\":\"https:\/\/www.onda-it.com\/fra\/#website\",\"url\":\"https:\/\/www.onda-it.com\/fra\/\",\"name\":\"Wieland Onda Srl\",\"description\":\"Onda - Advanced Heat Transfer Solution\",\"publisher\":{\"@id\":\"https:\/\/www.onda-it.com\/fra\/#organization\"},\"potentialAction\":[{\"@type\":\"SearchAction\",\"target\":{\"@type\":\"EntryPoint\",\"urlTemplate\":\"https:\/\/www.onda-it.com\/fra\/?s={search_term_string}\"},\"query-input\":{\"@type\":\"PropertyValueSpecification\",\"valueRequired\":true,\"valueName\":\"search_term_string\"}}],\"inLanguage\":\"fr\"},{\"@type\":\"Organization\",\"@id\":\"https:\/\/www.onda-it.com\/fra\/#organization\",\"name\":\"Wieland Onda Srl\",\"url\":\"https:\/\/www.onda-it.com\/fra\/\",\"logo\":{\"@type\":\"ImageObject\",\"inLanguage\":\"fr\",\"@id\":\"https:\/\/www.onda-it.com\/fra\/#\/schema\/logo\/image\/\",\"url\":\"\",\"contentUrl\":\"\",\"caption\":\"Wieland Onda Srl\"},\"image\":{\"@id\":\"https:\/\/www.onda-it.com\/fra\/#\/schema\/logo\/image\/\"},\"sameAs\":[\"https:\/\/www.linkedin.com\/company\/onda-s.p.a.\"]}]}<\/script>\n<!-- \/ Yoast SEO plugin. -->","yoast_head_json":{"title":"\u00c9changeurs de chaleur \u00e0 air, \u00c9vaporateurs radiaux \u2013 Wieland Onda","description":"D\u00e9couvrez tous les produits Wieland Onda. \u00c9changeurs de chaleur \u00e0 air: \u00c9vaporateurs radiaux. Acc\u00e9der maintenant\u2009!","robots":{"index":"index","follow":"follow","max-snippet":"max-snippet:-1","max-image-preview":"max-image-preview:large","max-video-preview":"max-video-preview:-1"},"canonical":"https:\/\/www.onda-it.com\/fra\/produits\/echangeurs-de-chaleur-a-air\/evaporateurs-radiaux-er-ar\/","og_locale":"fr_FR","og_type":"article","og_title":"\u00c9changeurs de chaleur \u00e0 air, \u00c9vaporateurs radiaux \u2013 Wieland Onda","og_description":"D\u00e9couvrez tous les produits Wieland Onda. \u00c9changeurs de chaleur \u00e0 air: \u00c9vaporateurs radiaux. Acc\u00e9der maintenant\u2009!","og_url":"https:\/\/www.onda-it.com\/fra\/produits\/echangeurs-de-chaleur-a-air\/evaporateurs-radiaux-er-ar\/","og_site_name":"Wieland Onda Srl","article_modified_time":"2025-03-14T09:33:43+00:00","og_image":[{"width":840,"height":466,"url":"https:\/\/www.onda-it.com\/wp-content\/uploads\/2022\/10\/ER-AR-FOTO.png","type":"image\/png"}],"twitter_card":"summary_large_image","twitter_misc":{"Est. reading time":"1 minute"},"schema":{"@context":"https:\/\/schema.org","@graph":[{"@type":"WebPage","@id":"https:\/\/www.onda-it.com\/fra\/produits\/echangeurs-de-chaleur-a-air\/evaporateurs-radiaux-er-ar\/","url":"https:\/\/www.onda-it.com\/fra\/produits\/echangeurs-de-chaleur-a-air\/evaporateurs-radiaux-er-ar\/","name":"\u00c9changeurs de chaleur \u00e0 air, \u00c9vaporateurs radiaux \u2013 Wieland Onda","isPartOf":{"@id":"https:\/\/www.onda-it.com\/fra\/#website"},"primaryImageOfPage":{"@id":"https:\/\/www.onda-it.com\/fra\/produits\/echangeurs-de-chaleur-a-air\/evaporateurs-radiaux-er-ar\/#primaryimage"},"image":{"@id":"https:\/\/www.onda-it.com\/fra\/produits\/echangeurs-de-chaleur-a-air\/evaporateurs-radiaux-er-ar\/#primaryimage"},"thumbnailUrl":"https:\/\/www.onda-it.com\/wp-content\/uploads\/2022\/10\/ER-AR-FOTO.png","datePublished":"2022-10-18T10:27:09+00:00","dateModified":"2025-03-14T09:33:43+00:00","description":"D\u00e9couvrez tous les produits Wieland Onda. \u00c9changeurs de chaleur \u00e0 air: \u00c9vaporateurs radiaux. Acc\u00e9der maintenant\u2009!","breadcrumb":{"@id":"https:\/\/www.onda-it.com\/fra\/produits\/echangeurs-de-chaleur-a-air\/evaporateurs-radiaux-er-ar\/#breadcrumb"},"inLanguage":"fr","potentialAction":[{"@type":"ReadAction","target":["https:\/\/www.onda-it.com\/fra\/produits\/echangeurs-de-chaleur-a-air\/evaporateurs-radiaux-er-ar\/"]}]},{"@type":"ImageObject","inLanguage":"fr","@id":"https:\/\/www.onda-it.com\/fra\/produits\/echangeurs-de-chaleur-a-air\/evaporateurs-radiaux-er-ar\/#primaryimage","url":"https:\/\/www.onda-it.com\/wp-content\/uploads\/2022\/10\/ER-AR-FOTO.png","contentUrl":"https:\/\/www.onda-it.com\/wp-content\/uploads\/2022\/10\/ER-AR-FOTO.png","width":840,"height":466},{"@type":"BreadcrumbList","@id":"https:\/\/www.onda-it.com\/fra\/produits\/echangeurs-de-chaleur-a-air\/evaporateurs-radiaux-er-ar\/#breadcrumb","itemListElement":[{"@type":"ListItem","position":1,"name":"Home","item":"https:\/\/www.onda-it.com\/fra\/"},{"@type":"ListItem","position":2,"name":"Prodotti","item":"https:\/\/www.onda-it.com\/fra\/prodotto\/"},{"@type":"ListItem","position":3,"name":"\u00c9vaporateurs radiaux \u2013 ER \u2013 AR"}]},{"@type":"WebSite","@id":"https:\/\/www.onda-it.com\/fra\/#website","url":"https:\/\/www.onda-it.com\/fra\/","name":"Wieland Onda Srl","description":"Onda - Advanced Heat Transfer Solution","publisher":{"@id":"https:\/\/www.onda-it.com\/fra\/#organization"},"potentialAction":[{"@type":"SearchAction","target":{"@type":"EntryPoint","urlTemplate":"https:\/\/www.onda-it.com\/fra\/?s={search_term_string}"},"query-input":{"@type":"PropertyValueSpecification","valueRequired":true,"valueName":"search_term_string"}}],"inLanguage":"fr"},{"@type":"Organization","@id":"https:\/\/www.onda-it.com\/fra\/#organization","name":"Wieland Onda Srl","url":"https:\/\/www.onda-it.com\/fra\/","logo":{"@type":"ImageObject","inLanguage":"fr","@id":"https:\/\/www.onda-it.com\/fra\/#\/schema\/logo\/image\/","url":"","contentUrl":"","caption":"Wieland Onda Srl"},"image":{"@id":"https:\/\/www.onda-it.com\/fra\/#\/schema\/logo\/image\/"},"sameAs":["https:\/\/www.linkedin.com\/company\/onda-s.p.a."]}]}},"_links":{"self":[{"href":"https:\/\/www.onda-it.com\/fra\/wp-json\/wp\/v2\/prodotto\/12459"}],"collection":[{"href":"https:\/\/www.onda-it.com\/fra\/wp-json\/wp\/v2\/prodotto"}],"about":[{"href":"https:\/\/www.onda-it.com\/fra\/wp-json\/wp\/v2\/types\/prodotto"}],"version-history":[{"count":2,"href":"https:\/\/www.onda-it.com\/fra\/wp-json\/wp\/v2\/prodotto\/12459\/revisions"}],"predecessor-version":[{"id":16571,"href":"https:\/\/www.onda-it.com\/fra\/wp-json\/wp\/v2\/prodotto\/12459\/revisions\/16571"}],"wp:featuredmedia":[{"embeddable":true,"href":"https:\/\/www.onda-it.com\/fra\/wp-json\/wp\/v2\/media\/2421"}],"wp:attachment":[{"href":"https:\/\/www.onda-it.com\/fra\/wp-json\/wp\/v2\/media?parent=12459"}],"wp:term":[{"taxonomy":"prodotti","embeddable":true,"href":"https:\/\/www.onda-it.com\/fra\/wp-json\/wp\/v2\/prodotti?post=12459"}],"curies":[{"name":"wp","href":"https:\/\/api.w.org\/{rel}","templated":true}]}}

Évaporateurs radiaux – ER – AR

<p>Les évaporateurs radiaux Wieland Onda sont conçus et réalisés pour être utilisés dans toutes les applications les plus courantes de réfrigération commerciale et industrielle, où il est nécessaire de disposer d’une pression statique élevée.</p>

<p>Les évaporateurs radiaux Wieland Onda sont conçus et réalisés pour être utilisés dans toutes les applications les plus courantes de [&hellip;]</p>

<!-- This site is optimized with the Yoast SEO plugin v23.4 - https://yoast.com/wordpress/plugins/seo/ -->
<title>Échangeurs de chaleur à air, Évaporateurs radiaux – Wieland Onda</title>
<meta name="description" content="Découvrez tous les produits Wieland Onda. Échangeurs de chaleur à air: Évaporateurs radiaux. Accéder maintenant !" />
<meta name="robots" content="index, follow, max-snippet:-1, max-image-preview:large, max-video-preview:-1" />
<link rel="canonical" href="https://www.onda-it.com/fra/produits/echangeurs-de-chaleur-a-air/evaporateurs-radiaux-er-ar/" />
<meta property="og:locale" content="fr_FR" />
<meta property="og:type" content="article" />
<meta property="og:title" content="Échangeurs de chaleur à air, Évaporateurs radiaux – Wieland Onda" />
<meta property="og:description" content="Découvrez tous les produits Wieland Onda. Échangeurs de chaleur à air: Évaporateurs radiaux. Accéder maintenant !" />
<meta property="og:url" content="https://www.onda-it.com/fra/produits/echangeurs-de-chaleur-a-air/evaporateurs-radiaux-er-ar/" />
<meta property="og:site_name" content="Wieland Onda Srl" />
<meta property="article:modified_time" content="2025-03-14T09:33:43+00:00" />
<meta property="og:image" content="https://www.onda-it.com/wp-content/uploads/2022/10/ER-AR-FOTO.png" />
	<meta property="og:image:width" content="840" />
	<meta property="og:image:height" content="466" />
	<meta property="og:image:type" content="image/png" />
<meta name="twitter:card" content="summary_large_image" />
<meta name="twitter:label1" content="Est. reading time" />
	<meta name="twitter:data1" content="1 minute" />
<script type="application/ld+json" class="yoast-schema-graph">{"@context":"https://schema.org","@graph":[{"@type":"WebPage","@id":"https://www.onda-it.com/fra/produits/echangeurs-de-chaleur-a-air/evaporateurs-radiaux-er-ar/","url":"https://www.onda-it.com/fra/produits/echangeurs-de-chaleur-a-air/evaporateurs-radiaux-er-ar/","name":"Échangeurs de chaleur à air, Évaporateurs radiaux – Wieland Onda","isPartOf":{"@id":"https://www.onda-it.com/fra/#website"},"primaryImageOfPage":{"@id":"https://www.onda-it.com/fra/produits/echangeurs-de-chaleur-a-air/evaporateurs-radiaux-er-ar/#primaryimage"},"image":{"@id":"https://www.onda-it.com/fra/produits/echangeurs-de-chaleur-a-air/evaporateurs-radiaux-er-ar/#primaryimage"},"thumbnailUrl":"https://www.onda-it.com/wp-content/uploads/2022/10/ER-AR-FOTO.png","datePublished":"2022-10-18T10:27:09+00:00","dateModified":"2025-03-14T09:33:43+00:00","description":"Découvrez tous les produits Wieland Onda. Échangeurs de chaleur à air: Évaporateurs radiaux. Accéder maintenant !","breadcrumb":{"@id":"https://www.onda-it.com/fra/produits/echangeurs-de-chaleur-a-air/evaporateurs-radiaux-er-ar/#breadcrumb"},"inLanguage":"fr","potentialAction":[{"@type":"ReadAction","target":["https://www.onda-it.com/fra/produits/echangeurs-de-chaleur-a-air/evaporateurs-radiaux-er-ar/"]}]},{"@type":"ImageObject","inLanguage":"fr","@id":"https://www.onda-it.com/fra/produits/echangeurs-de-chaleur-a-air/evaporateurs-radiaux-er-ar/#primaryimage","url":"https://www.onda-it.com/wp-content/uploads/2022/10/ER-AR-FOTO.png","contentUrl":"https://www.onda-it.com/wp-content/uploads/2022/10/ER-AR-FOTO.png","width":840,"height":466},{"@type":"BreadcrumbList","@id":"https://www.onda-it.com/fra/produits/echangeurs-de-chaleur-a-air/evaporateurs-radiaux-er-ar/#breadcrumb","itemListElement":[{"@type":"ListItem","position":1,"name":"Home","item":"https://www.onda-it.com/fra/"},{"@type":"ListItem","position":2,"name":"Prodotti","item":"https://www.onda-it.com/fra/prodotto/"},{"@type":"ListItem","position":3,"name":"Évaporateurs radiaux – ER – AR"}]},{"@type":"WebSite","@id":"https://www.onda-it.com/fra/#website","url":"https://www.onda-it.com/fra/","name":"Wieland Onda Srl","description":"Onda - Advanced Heat Transfer Solution","publisher":{"@id":"https://www.onda-it.com/fra/#organization"},"potentialAction":[{"@type":"SearchAction","target":{"@type":"EntryPoint","urlTemplate":"https://www.onda-it.com/fra/?s={search_term_string}"},"query-input":{"@type":"PropertyValueSpecification","valueRequired":true,"valueName":"search_term_string"}}],"inLanguage":"fr"},{"@type":"Organization","@id":"https://www.onda-it.com/fra/#organization","name":"Wieland Onda Srl","url":"https://www.onda-it.com/fra/","logo":{"@type":"ImageObject","inLanguage":"fr","@id":"https://www.onda-it.com/fra/#/schema/logo/image/","url":"","contentUrl":"","caption":"Wieland Onda Srl"},"image":{"@id":"https://www.onda-it.com/fra/#/schema/logo/image/"},"sameAs":["https://www.linkedin.com/company/onda-s.p.a."]}]}</script>
<!-- / Yoast SEO plugin. -->

Échangeurs de chaleur à air, Évaporateurs radiaux – Wieland Onda

Découvrez tous les produits Wieland Onda. Échangeurs de chaleur à air: Évaporateurs radiaux. Accéder maintenant !
